3.
777
What is the highest common factor of 918 and 79712286?
102
Calculate the highest common factor of 13794 and 5058042.
726
What is the highest common divisor of 56 and 1013236?
28
Calculate the greatest common divisor of 15504 and 783180.
228
Calculate the highest common factor of 14297283 and 299.
299
Calculate the greatest common divisor of 828 and 71783460.
828
What is the greatest common factor of 10519 and 511663?
157
Calculate the highest common divisor of 172161976 and 63.
7
Calculate the greatest common factor of 1128 and 26434633.
47
Calculate the greatest common factor of 2320850 and 2660.
1330
What is the highest common factor of 91 and 8422603?
7
Calculate the greatest common factor of 446352 and 782.
34
What is the greatest common divisor of 177610140 and 8280?
4140
Calculate the highest common factor of 2249823632 and 196.
196
What is the highest common divisor of 42381705 and 30?
15
Calculate the highest common divisor of 15 and 328519605.
15
What is the highest common divisor of 415051 and 2548?
91
What is the greatest common factor of 38265646 and 35766?
3974
What is the greatest common divisor of 257969 and 8242321?
4229
Calculate the greatest common divisor of 2194947 and 1251.
9
What is the highest common factor of 223548 and 517313?
1433
Calculate the highest common factor of 12095 and 112218.
59
What is the highest common divisor of 224 and 934976640?
32
Calculate the greatest common factor of 7284 and 976459048.
2428
What is the greatest common factor of 550 and 49800850?
550
Calculate the highest common divisor of 55852430 and 13980.
2330
What is the highest common factor of 19764 and 26420904?
324
Calculate the greatest common factor of 7 and 23614486.
7
Calculate the greatest common divisor of 152 and 417202.
38
What is the greatest common factor of 155298 and 57486?
858
What is the highest common divisor of 379 and 78131987?
379
What is the highest common factor of 409255 and 134365?
385
What is the highest common divisor of 7064240 and 253105?
1135
What is the greatest common factor of 916264624 and 16962?
5654
What is the highest common factor of 21540 and 22191944?
1436
Calculate the highest common factor of 9486632 and 1579.
1579
What is the highest common factor of 10897 and 4465847?
641
Calculate the highest common divisor of 1308559 and 6922377.
9989
What is the highest common factor of 2534873 and 199001?
869
Calculate the greatest common factor of 1975 and 126212375.
1975
Calculate the greatest common divisor of 34834752 and 4788.
684
Calculate the greatest common factor of 3058 and 378407623.
1529
Calculate the highest common divisor of 1377684160 and 16.
16
What is the highest common factor of 15036 and 33962028?
2148
Calculate the greatest common divisor of 1074 and 4074040.
358
Calculate the highest common divisor of 11067895 and 81030.
365
Calculate the greatest common divisor of 5404 and 4872.
28
Calculate the greatest common divisor of 111 and 34194401.
37
What is the highest common divisor of 47965 and 8677955?
265
What is the greatest common factor of 320065 and 15?
5
Calculate the highest common factor of 3543156 and 11766.
318
Calculate the greatest common divisor of 38152 and 74800008.
2008
What is the highest common divisor of 2510837 and 28?
7
What is the greatest common divisor of 8440 and 17060405?
1055
Calculate the greatest common divisor of 608 and 12531184.
304
Calculate the greatest common divisor of 730814633 and 10408.
1301
Calculate the highest common factor of 64 and 501254816.
32
Calculate the greatest common divisor of 7623 and 23465772.
1089
Calculate the greatest common divisor of 46694471 and 508.
127
What is the highest common factor of 2434 and 513094502?
2434
Calculate the greatest common factor of 772568 and 107600.
2152
Calculate the greatest common divisor of 1126322046 and 51.
51
Calculate the greatest common factor of 231894 and 158301.
117
What is the highest common divisor of 380945165 and 5?
5
Calculate the greatest common factor of 649453985 and 145.
145
What is the greatest common factor of 4875 and 13616265?
195
What is the highest common factor of 9715816 and 616?
88
Calculate the greatest common divisor of 22256784 and 3696.
528
Calculate the greatest common divisor of 109130 and 54950.
70
Calculate the greatest common factor of 145061280 and 20.
20
Calculate the highest common divisor of 174528914 and 22078.
1162
What is the greatest common divisor of 762045 and 462257?
503
What is the highest common factor of 127587 and 519333?
1797
Calculate the highest common divisor of 138 and 328774.
2
What is the greatest common factor of 2158 and 118913353?
1079
Calculate the highest common factor of 90 and 33151095.
45
Calculate the greatest common factor of 923 and 1233767.
71
Calculate the highest common factor of 17284810 and 270.
10
What is the highest common divisor of 70516 and 3025966?
2074
Calculate the greatest common factor of 525037 and 17531.
47
Calculate the greatest common divisor of 1775 and 74975.
25
Calculate the greatest common factor of 105792 and 1140.
228
What is the highest common divisor of 294158176 and 624?
208
Calculate the highest common factor of 3009015 and 161200.
155
What is the highest common factor of 531 and 3977898?
177
What is the greatest common factor of 2362831 and 47?
47
What is the highest common divisor of 862 and 339624983?
431
What is the highest common divisor of 67884640 and 480?
160
What is the highest common factor of 4071 and 205206?
69
Calculate the highest common divisor of 22724 and 15801.
23
Calculate the highest common factor of 241412740 and 40.
20
What is the greatest common factor of 1511258 and 735802?
4406
Calculate the greatest common divisor of 2664 and 161248368.
888
Calculate the greatest common divisor of 4146588 and 1152.
36
Calculate the greatest common divisor of 3906 and 5969124.
126
Calculate the greatest common divisor of 733 and 573671455.
733
What is the greatest common factor of 142344 and 96696?
72
Calculate the greatest common factor of 68 and 5259154.
34
Calculate the highest common factor of 72026790 and 407.
407
What is the greatest common factor of 349694 and 12349?
53
What is the highest common divisor of 1209959486 and 454?
454
What is the highest common factor of 10087970 and 1802?
34
Calculate the highest common factor of 226359 and 39375.
63
What is the greatest common divisor of 80882 and 81881?
37
What is the greatest common divisor of 343 and 136479?
7
Calculate the highest common factor of 14308326 and 59.
59
What is the greatest common divisor of 1062 and 31108635?
531
What is the highest common factor of 20185411 and 3704?
463
What is the greatest common divisor of 3267792 and 5940?
396
What is the highest common factor of 550889 and 710?
71
What is the highest common divisor of 1308 and 50726202?
654
Calculate the greatest common divisor of 1036310 and 88.
22
What is the highest common divisor of 1349972 and 13520?
676
Calculate the greatest common divisor of 30096 and 919776.
528
Calculate the greatest common factor of 1474445 and 283765.
515
Calculate the greatest common factor of 355203 and 22509.
549
What is the highest common divisor of 3741 and 1290210?
87
What is the highest common divisor of 5267 and 86871?
23
Calculate the highest common factor of 156158 and 162.
2
Calculate the greatest common divisor of 4723334 and 9779.
77
Calculate the highest common divisor of 567 and 184141431.
81
Calculate the greatest common factor of 350 and 237966400.
350
What is the highest common factor of 11124754 and 4435?
887
Calculate the highest common factor of 63 and 13617117.
9
Calculate the greatest common divisor of 4444 and 10686103.
101
Calculate the greatest common factor of 59504694 and 27218.
878
Calculate the greatest common factor of 7197248 and 107.
107
Calculate the greatest common factor of 738424 and 1920.
8
Calculate the highest common factor of 233100 and 14097.
111
Calculate the greatest common factor of 760 and 1989794.
38
What is the highest common factor of 1530 and 12647592?
306
What is the greatest common factor of 3803975 and 14?
7
Calculate the greatest common factor of 405 and 21855.
15
Calculate the highest common divisor of 762 and 14928088.
254
Calcu